-n + t*c + 19. List the prime factors of (n/(3/(-5)))/(-1).
5
Suppose 5*o - 14 = 11. What are the prime factors of o?
5
Let p(s) = 10*s**2 + 2*s - 26. List the prime factors of p(-4).
2, 3, 7
Let i be 4/8*0 + 4. Suppose i*y - 57 = -1. List the prime factors of y.
2, 7
Let s(j) = -j + 7. Let q = -7 + 9. Let t(k) = k**3 - k**2 - 2*k. Let f be t(q). What are the prime factors of s(f)?
7
Suppose 0 = -4*n - 4*t + 24, 4*n + 3*t - 7*t = 8. Suppose 20 = 4*v - 3*v - i, 12 = n*i. List the prime factors of v.
23
Suppose 15 = 3*j + 4*x - 7, x + 17 = 3*j. What are the prime factors of (-247)/(-39) + 4/j?
7
Suppose c - 1 = 3. Suppose c*n + q = 9, 9 = -0*n + n - 2*q. Suppose -d - 4*b + 40 = d, -n*b - 19 = -2*d. What are the prime factors of d?
2, 7
Let i(h) = -h**3 + 15*h**2 - 14. What are the prime factors of i(14)?
2, 7, 13
Let v(h) = -h + 18. Let u be -2 + 0/(2/1). Let p be (-15)/u - (-2)/4. What are the prime factors of v(p)?
2, 5
Suppose -5*a + 2*a + 2*i = 199, -5*a + i - 320 = 0. Let w = -40 - a. What are the prime factors of w?
23
Let y = 3 + 42. List the prime factors of y.
3, 5
Suppose -q - 4 = q, -3*t + 5*q = -25. Suppose 4*h = i + 2*i + 131, 5*h - t*i = 165. List the prime factors of h.
2
Let v = -8 - -5. List the prime factors of 4 - (2 + v + 0).
5
Suppose 0 = 5*n + 2*j + 30, 0 = 4*n + n - j + 30. Let m = 2 - n. List the prime factors of m.
2
Let u be (-2)/(-1) + (-22)/2. Suppose -3*q - 18 = -63. Let c = u + q. What are the prime factors of c?
2, 3
Let r be 4/10 + 92/20. Suppose r*x = x + 48. List the prime factors of x.
2, 3
Let t be (8/(-3))/((-4)/6). What are the prime factors of (t/8)/((-2)/(-24))?
2, 3
Suppose 0 = 2*b - b - 36. Suppose -b = -2*s + 4*f + 36, 53 = 3*s + 5*f. What are the prime factors of s?
2, 13
Let l be -2 - (6 + -3)/(-1). Suppose 0 = i - l - 2. List the prime factors of i.
3
Suppose 19*q - 1027 = -210. What are the prime factors of q?
43
List the prime factors of 3/(-2)*(-9240)/45.
2, 7, 11
Let u = -188 - -332. List the prime factors of u.
2, 3
Suppose -4*p - p = -3*m - 18, -3*p + 13 = -2*m. Let a(s) = s + 16. Let w be a(m). Suppose -4*x = 2*l - 0*l - 26, l = -w*x + 25. What are the prime factors of x?
2
Let s = 0 - -3. Let b be 55 + (s + 3)/2. Suppose 0 = 5*f - b - 2. What are the prime factors of f?
2, 3
Let n be 1/(3/6) - 5. What are the prime factors of (-10)/(-3 - (n - -2))?
5
Let g(t) = 3*t**2 - 3*t + 9. List the prime factors of g(4).
3, 5
Let v be -5*(78/(-15) - -1). Suppose 7 = -m + v. List the prime factors of m.
2, 7
Suppose 5*r + 2*j = 3*r, 18 = -4*r + 2*j. Let z = r + 5. Suppose -5*x = g - 12, 3*g = z*x - 5 - 10. List the prime factors of x.
3
Let b = 2 - 0. What are the prime factors of 31/b + (-7)/(-14)?
2
Let a = 11 - -36. What are the prime factors of a?
47
Let y(b) = 3*b**2 + b + b**3 - 4*b**2 - 3*b - 1. Let a = 8 - 5. What are the prime factors of y(a)?
11
Let p = 18 - -26. What are the prime factors of p?
2, 11
Let z = 5 + 13. List the prime factors of z.
2, 3
Suppose k - 2*b + 35 = 2*k, -3*b - 25 = -k. List the prime factors of k.
31
Let z(v) = -v + 1. Let n(t) = -6*t + 6. Let q(y) = -3*n(y) + 15*z(y). Let w be q(4). What are the prime factors of (-1)/(-2) - w/(-2)?
5
Suppose -5*i = 10, 0*c = -3*c - 4*i + 16. Suppose 0*p = 4*p - c. Suppose 6*y - p*y = 56. What are the prime factors of y?
2, 7
Suppose -5*d + 49 - 209 = 0. Let u = d - -48. What are the prime factors of u?
2
Suppose 4*t - 3*g - 60 = 0, 2*t + 60 = 6*t + 4*g. What are the prime factors of t?
3, 5
Let l(h) = h**2 - 10*h - 5. What are the prime factors of l(12)?
19
Let d = 63 - 30. What are the prime factors of d?
3, 11
Suppose -q - 3*q + 9 = 3*f, -5*q + 13 = 4*f. List the prime factors of f.
7
Let y(m) = m**2 + 2*m + 6. What are the prime factors of y(7)?
3, 23
Suppose 5*c = 4*c + 2. Suppose c*q = -q + 12. Suppose q*m - 17 - 11 = 0. List the prime factors of m.
7
Let d(c) = -3*c - 4. Let m be d(-4). List the prime factors of ((-108)/m)/(3/(-8)).
2, 3
Let w(v) be the third derivative of v**6/120 + v**5/30 - v**4/24 - v**2. What are the prime factors of w(2)?
2, 7
Let v be -8 + (-6)/((-6)/3). Let r = 8 + v. What are the prime factors of r?
3
Let n(z) = 2*z**2 + 2*z + 1. Let y be n(-1). Let k be (y/(-2))/((-4)/(-24)). List the prime factors of (k/9)/(2/(-66)).
11
Let c be 6/(-27)*-3*3. Suppose c*a = -a. Suppose a*g - 2*g = -24. What are the prime factors of g?
2, 3
Let c be (-1 + -1 - 80) + 2. What are the prime factors of c/12*6/(-4)?
2, 5
Suppose 2*p + 0*p = -j + 14, -5*j + 34 = 4*p. Suppose 0 = p*l - l - 110. What are the prime factors of (-9 + 5)*l/(-4)?
2, 11
Suppose 3*s - 2*f - 138 = f, -49 = -s + 2*f. List the prime factors of s.
43
Let l be (-19 - -2) + (3 - 1). Let d = -6 - l. What are the prime factors of d?
3
Suppose g + 1 = 4. Suppose -2*s - 45 = -g*a + 4, 2*s - 2 = 0. List the prime factors of a.
17
Let y = -7 + 9. Suppose -2*d + 4 = 2, -y*l + 2*d = -2. Suppose 0 = -l*h, 0*c - c = -h - 4. List the prime factors of c.
2
Suppose 12*x - 4*x - 1592 = 0. List the prime factors of x.
199
Let n(f) = -f**3 + 7*f**2 + 4*f - 2. List the prime factors of n(7).
2, 13
Let r be (8/6)/((-14)/(-21)). Suppose -3*m + 4*g + 91 = r*g, 2*m = -g + 56. List the prime factors of m.
29
Suppose -5*o = 21 + 4. Let b = o + 8. List the prime factors of b.
3
List the prime factors of 54 - 2*(-3)/6.
5, 11
Suppose -3*h - 20 = -5*j - 8*h, -5*h = 2*j - 5. Let d = -4 + j. What are the prime factors of (7 - d)*(0 + 2)?
2, 3
Let n(i) = -i**2 + 12. What are the prime factors of n(0)?
2, 3
Suppose 0 = 5*d + 2*k + 16, -k - 9 = 5*d + 4. Let t = d - -14. Let i = t + -3. What are the prime factors of i?
3
Let o(a) = -7*a**3 - 7*a**2 + 4*a - 1. Let t(w) = 15*w**3 + 14*w**2 - 9*w + 1. Let g = -5 - -18. Let k(b) = g*o(b) + 6*t(b). List the prime factors of k(-7).
7
Let r be 0*((-16)/(-6) + -3). Suppose r = 2*b + 9 - 77. What are the prime factors of (-2)/5 + b/10?
3
Suppose 2*x - 10 = 3*s, -7*x + 2*x = -s + 1. Let h(a) = -a**3 - a**2 - a + 46. Let u be h(0). List the prime factors of (-2)/s + u/4.
2, 3
Let v be (-8)/12 + 17/3. Suppose -12 = -2*o + v*y, -5*o + 0*y = 2*y - 30. What are the prime factors of o?
2, 3
Let d(b) = 7*b + 10. Let i(a) = 1. Let s(x) = -48*x - 70. Let t(z) = -i(z) - s(z). Let p(m) = 27*d(m) - 4*t(m). List the prime factors of p(-4).
2, 3
Suppose 3*i - 5*u = -u + 125, 0 = -i + 4*u + 31. Let d = i + -33. List the prime factors of d.
2, 7
Let u = 4 - 2. Let w(y) = y**u - 5*y + 3*y + 1 + 6*y**2. List the prime factors of w(1).
2, 3
Suppose -2*z = -2*w, w + 4*z - 12 = 2*w. List the prime factors of w.
2
Suppose -2*b - 44 = -6*b. List the prime factors of b.
11
Let h(k) = 10*k**2 - k. Let d(a) be the first derivative of -a**3/3 + 7*a**2/2 - 7*a - 1. Let z be d(6). What are the prime factors of h(z)?
11
Suppose -4*c + 293 = 101. What are the prime factors of c?
2, 3
Suppose 2*n - y - 3 = 0, -3*n + 22 = y + y. List the prime factors of n.
2
Suppose 2*k - 31 = -5*f, 6*k - 23 = -4*f + 5*k. Let o = 0 + f. Let m = 18 - o. List the prime factors of m.
13
Let z(w) = 2*w - 3. Let x(c) = -2*c + 1. Let l be x(-1). List the prime factors of z(l).
3
Suppose -2*t + 16 + 11 = 3*r, 24 = 3*t - r. List the prime factors of t.
3
Let o(j) = -55*j + 4. List the prime factors of o(-1).
59
Let u = 7 - 5. Suppose -10 = -3*x + v, 0 = -x - u*v - 5 + 20. Suppose -20 = -5*y + 2*d, -x*y - 15 = -0*y + 5*d. List the prime factors of y.
2
Let n = 5 - 3. List the prime factors of -1 + n + 0 + 8.
3
Let f(q) be the first derivative of -q**4/4 - q**3 - q**2 - 2*q + 3. Let y(p) = -p**3 + 4*p**2 - p + 1. Let j be y(4). List the prime factors of f(j).
2
Suppose -3*b = 2*z - 6*b - 63, -3*b = 5*z - 210. Let k = -9 + z. Suppose 8*o - 3*o = k. What are the prime factors of o?
2, 3
Let a(q) = 2*q**2. Let h be a(1). Let n be (h/6)/(2/(-6)). Let c = n - -4. What are the prime factors of c?
3
Let n be 4/3*9/2. Suppose -4*h + 14 = n. List the prime factors of ((-21)/(-6))/(h/4).
7
Suppose 0*x + 396 = 4*x. List the prime factors of x.
3, 11
Let n be (10/15)/((-2)/(-6)). Let d be (-5 - 1)/((-3)/n). Suppose 0 = d*r - 5 - 7. List the prime factors of r.
3
Let m(w) be the first derivative of -w**4/4 + 3*w**3 + w**2/2 + 9*w + 1. Let d be m(9). Let x = 28 - d. What are the prime factors of x?
2, 5
Let f(w) = w*